mon factor of z and 1?
1
Let q(j) = -3*j - 2. Let h be q(-2). Suppose -5*s + 62 = h*i - 0, -2*i = -s + 18. Calculate the greatest common factor of 7 and s.
7
Suppose 0 = -n - n + 6. Let w(b) = -b**3 + 6*b**2 - 5*b + 4. Let r be w(n). Calculate the greatest common divisor of 16 and r.
16
Let b = 88 - 60. What is the highest common factor of 7 and b?
7
Let s be (-4)/6 + (-38)/(-3). Let a = -20 - -24. Suppose f + 0*f + 108 = a*q, 3*f = s. Calculate the greatest common divisor of q and 7.
7
Let h be 9/18 + 21/2. Let u = 42 + -20. Let j = -11 + u. Calculate the highest common divisor of h and j.
11
Suppose -a = 3*a. Suppose 3*p - 12 = -a. Suppose -y - p*y - 2*r + 69 = 0, r = 2. Calculate the highest common divisor of y and 13.
13
Suppose 0 = -2*d - d + 3. Suppose 2*f + d = f. Let y be (143/2)/(f/(-2)). What is the highest common divisor of 13 and y?
13
Let g = 84 + -68. Calculate the highest common factor of g and 112.
16
Let q = 62 + -58. Calculate the greatest common factor of q and 1.
1
Suppose 3*i - 54 = i. Calculate the greatest common divisor of 9 and i.
9
Suppose -4*u + 0 = 4. Let s(l) = 2*l**3 - 4*l**2 - 101*l**3 + 3*l**2 - l. Let o be s(u). What is the greatest common factor of 9 and o?
9
Suppose -2*m + 3*a + 16 = 0, a - 40 = 6*m - 11*m. What is the greatest common factor of 1 and m?
1
Suppose d = 30 - 14. Let a = 206 + -78. Calculate the highest common factor of d and a.
16
Let s be 7 - 0/(0 - 2). Let j(f) = -f**2. Let r be j(0). Suppose r = -a + 6*a + 2*y - 321, -a = -3*y - 54. What is the highest common factor of s and a?
7
Suppose 0 = -8*x - 5*x + 221. Calculate the highest common factor of x and 34.
17
Let u = -3 + 19. What is the highest common factor of 128 and u?
16
Suppose 4*w - 11 = 1. What is the greatest common divisor of 12 and w?
3
Let v(x) = x**2 + 7*x - 10. Let j be v(-10). Calculate the greatest common factor of 20 and j.
20
Let j be ((-303)/(-3) - 0) + 3. Calculate the highest common divisor of 8 and j.
8
Suppose -4*u + 14 + 18 = 0. What is the highest common factor of u and 64?
8
Suppose 2*x = x + 25. Suppose -7*w = -2*w - x. Suppose -4*q + 37 = -3*y, -w*q + 0*y = -4*y - 46. What is the highest common divisor of 20 and q?
10
Suppose 0 = -4*s - 5*v + 779, -5*s + 716 = 3*v - 274. Let f = -124 + s. Calculate the highest common factor of 7 and f.
7
Suppose -t = m - 2*t - 13, 4*t = m - 16. Let j(x) = x**3 - 11*x**2 - 11*x - 6. Let z be j(m). What is the highest common factor of z and 30?
6
Let s(w) = -w**2 + 7*w + 4. Let m be s(7). Suppose c = m*c - 90. Let y = -9 - -19. What is the greatest common factor of y and c?
10
Let d be (22/55)/((-62)/(-60) + -1). What is the greatest common factor of 372 and d?
12
Let n be (8/(-2) - -74)/2. Calculate the highest common factor of n and 10.
5
Let p = 9 - -41. Calculate the highest common factor of p and 10.
10
Let m(w) = -19*w + 2. Let p be 8/2*(-9)/6. Let q be m(p). Let z = q + -53. What is the highest common divisor of z and 9?
9
Let y be (-336)/18*(-81)/12. Calculate the greatest common factor of 14 and y.
14
Let t(s) = -58*s**3 + 2*s**2 - 3*s - 3. Let g be t(-1). What is the greatest common divisor of g and 12?
12
Let i be 44/(-6) - 3/(-9). Let m = 25 + i. Let j = -54 + 81. Calculate the highest common divisor of j and m.
9
Let c = -11 - -17. Suppose d - 3 = 45. Calculate the highest common factor of c and d.
6
Suppose -2 + 6 = 2*z. Suppose 2*q = -q - a + 1, 10 = -z*a. Let c = 71 + -61. Calculate the highest common divisor of c and q.
2
Suppose -c = -4*v + 12, -v - c - 9 = -4*v. Suppose v*d - 3 = 51. Let m = -10 - -19. What is the greatest common factor of m and d?
9
Let t(n) = -n**3 + 6*n**2 + 10*n - 7. Let h be t(7). Suppose 5*x - 36 - h = 0. Suppose f = 6*f - x. Calculate the greatest common divisor of f and 4.
2
Suppose -4*p + 2*u - 36 = -154, -u = 3. Calculate the greatest common factor of p and 4.
4
Suppose -3*g - 2*g = -285. Suppose 2*f + 94 = 4*b, 0 = -2*b - 0*f - f + g. What is the highest common divisor of b and 39?
13
Suppose 0 = -8*x + 302 + 490. Calculate the greatest common factor of 9 and x.
9
Let c = 3 + 1. Suppose 0 = 4*q - 3*f - 11 + 1, 0 = -4*q - 2*f. What is the highest common divisor of c and q?
1
Let n = 2 + -6. Let c = n + 7. Suppose c*p = -10 + 61. Calculate the highest common divisor of p and 51.
17
Let r(m) = m**3 - m**2 - 9*m + 6. Let x be r(4). What is the greatest common divisor of x and 198?
18
Let w(d) = -8*d - 1. Let g be w(-7). Let k = -31 - -52. Let u = k + -10. What is the highest common divisor of g and u?
11
Let j be (-2)/(-1) - 0 - -24. Let i be 2 + 0 - (1 + 1). Suppose -u = 2*a - 24, i*a + a - 5*u - 23 = 0. Calculate the greatest common factor of j and a.
13
Suppose -4*r - 4*i = -24, -2*r + 2*i = -0*i - 16. Calculate the highest common factor of r and 112.
7
Suppose -2*g = -2 - 14. Let k be ((-27)/(-6))/((-6)/g). Let s be (10/3)/((-1)/k). What is the highest common factor of 5 and s?
5
Let k(n) = -n**2 - 7*n + 6. Let u be k(-8). Let d be u/(-8) + (-52)/16. Let v be d/(-2)*(22 - 4). What is the highest common factor of 18 and v?
9
Let f be ((-1)/2)/((-14)/560). Calculate the highest common divisor of 4 and f.
4
Suppose -27 = -3*n - 4*y, -2*y + y + 8 = n. Suppose 3*v - 15 = 2*v + 3*c, 3*v = n*c + 65. What is the highest common divisor of 6 and v?
6
Suppose 6*c - 63 = -9. What is the greatest common divisor of 72 and c?
9
Suppose 0 = -r + 62 - 206. Suppose 2*m - 2 = 6, i = -3*m - 223. Let n = r - i. What is the highest common divisor of n and 13?
13
Let g(z) = z**3 - 2*z**2 - 4*z - 2. Let h be g(4). Let b(a) = a**2 + a + 14. Let w be b(0). Calculate the greatest common divisor of w and h.
14
Suppose 2*i + 1 = 7. Let u be ((-96)/5)/i*-5. What is the greatest common divisor of 4 and u?
4
Suppose 0 = 2*z - 3 - 1. Suppose 3*j - 57 = -z*b, -2*j + 13 = 2*b - 41. What is the highest common divisor of b and 8?
8
Suppose 0*n = -4*n + 80. Suppose 6*b - n = b. Calculate the greatest common divisor of 1 and b.
1
Let g(j) = j**3 - 23*j**2 + 3*j + 31. Let b be g(23). Calculate the highest common factor of 40 and b.
20
Let i = 12 + 6. What is the greatest common divisor of i and 12?
6
Suppose 0*b + 9 = -b. Let h(r) = -7*r - 1. Let l be h(-1). Let z = l - b. Calculate the greatest common factor of 3 and z.
3
Let g be (-3)/(-2 - -8)*-6. Suppose -g*c + 152 = c. Suppose -5*n + 5*h = -70, -5*h = -4*n + 16 + c. Calculate the highest common divisor of n and 64.
16
Suppose 0 = 4*k - 29 - 151. What is the greatest common factor of 5 and k?
5
Suppose -o + 180 = 2*o. What is the greatest common factor of 24 and o?
12
Suppose 120 + 300 = 7*w. Let g be w/9 + (-2)/3. What is the greatest common factor of g and 66?
6
Let k = 90 + -82. Calculate the highest common divisor of 1 and k.
1
Let f = 32 + -23. What is the highest common factor of f and 99?
9
Suppose 168 = 4*t - 4*q, -5*t + 5*q - 4*q = -202. Suppose 14 + 2 = 2*j. Calculate the greatest common divisor of t and j.
8
Suppose 4*g - 41 = -3*t + 58, -4*g = 4*t - 100. Let c = 23 + -36. Let v = -7 - c. Calculate the greatest common divisor of v and g.
6
Suppose -3*k + 7 = -k - l, -3*k = 3*l - 6. Suppose k = 3*w - 12. Calculate the highest common divisor of w and 5.
5
Let z(a) = a**2 + 18*a - 9. Let i be z(-19). Calculate the highest common factor of i and 5.
5
Let a be -3 - (20/(-2) - -2). Suppose -39 = -5*x + 3*n, -a*x + 5*n = -2 - 33. Suppose -15 = -2*o + 3. Calculate the highest common divisor of o and x.
9
Suppose 4*f + 4*o = 4, -13 = -f + 3*o - 4. Calculate the greatest common divisor of f and 9.
3
Let p = 18 + -6. Let r = 4 - 2. Suppose 0 = -2*t + r, -5*l + 3*t + 141 = -l. What is the highest common factor of l and p?
12
Suppose 0 = i + i. Suppose 2*c - 5*c + 9 = i. Suppose t - 24 = -c*t + 4*a, -5*t = 4*a - 30. Calculate the highest common factor of t and 66.
6
Let u = 24 + -7. Suppose 0 = -2*w + 3*w - 85. What is the highest common factor of u and w?
17
Suppose -4 = -5*t - 14, -3*b + 4*t + 44 = 0. What is the greatest common divisor of b and 12?
12
Suppose -3*d + 70 = -n - 24, -5*d - n + 162 = 0. Let h be -5*(-2)/8*d. Calculate the highest common factor of 16 and h.
8
Let v be ((-1)/2)/(5/(-60)). Suppose 0*m + 4*h = 5*m - 48, -3*h = -5*m + 51. What is the highest common factor of m and v?
6
Suppose -3*g = 1 + 2. 